1 - -11?
112200112
In base 4, what is 0 + 2023022?
2023022
In base 3, what is 22022 + -11?
22011
In base 13, what is -5 - 4a7?
-4ac
In base 16, what is -38 + -5?
-3d
In base 2, what is -111 - 100110?
-101101
In base 13, what is 29 - -3a?
66
In base 13, what is -5 + 1b5?
1b0
In base 5, what is -1 + 212?
211
In base 4, what is -2 + -221?
-223
In base 7, what is 5 + 113?
121
In base 13, what is 4 + a5c?
a63
In base 16, what is -22 + -13?
-35
In base 12, what is -3 - 724?
-727
In base 8, what is -5 - 13330?
-13335
In base 15, what is -2a + -e?
-39
In base 10, what is 4 + -77?
-73
In base 11, what is a6 - 53?
53
In base 4, what is -123210 + 1?
-123203
In base 3, what is 2002202 + 2?
2002211
In base 2, what is 100 + -11110111?
-11110011
In base 2, what is -1 + -101000000?
-101000001
In base 4, what is 1 + -121120?
-121113
In base 9, what is 3116 - -3?
3120
In base 14, what is -388a - 2?
-388c
In base 16, what is 5 - 22?
-1d
In base 12, what is -2 - 709?
-70b
In base 15, what is 5 + 1607?
160c
In base 5, what is -4 + 203311?
203302
In base 5, what is 1012330 + -4?
1012321
In base 15, what is -b + 1?
-a
In base 16, what is -5 - -99?
94
In base 14, what is 4 + 1cb7?
1cbb
In base 13, what is 94 + -6?
8b
In base 5, what is -2024 + -244?
-2323
In base 14, what is 4 - 47?
-43
In base 7, what is -33 - 361?
-424
In base 3, what is 100 - -2?
102
In base 16, what is -6 - 11?
-17
In base 14, what is -1cc0 - -2?
-1cbc
In base 4, what is 2121 - -2?
2123
In base 4, what is -1 - -23201?
23200
In base 13, what is -1822 - -3?
-181c
In base 9, what is -78 + 3?
-75
In base 9, what is -6 - -2?
-4
In base 4, what is -1 + -2212?
-2213
In base 2, what is -100 + 100111?
100011
In base 7, what is 0 + -3310?
-3310
In base 7, what is 2526 + 3?
2532
In base 3, what is -2001002 - 1?
-2001010
In base 3, what is -21000 - -121?
-20102
In base 13, what is 1 - -a?
b
In base 16, what is 2d9 + -4?
2d5
In base 16, what is b79 - -1?
b7a
In base 12, what is -1b + -3?
-22
In base 7, what is -361 - -11?
-350
In base 10, what is 2 - 137?
-135
In base 11, what is -4 - 115?
-119
In base 8, what is 60 + -3?
55
In base 12, what is 4 - -7?
b
In base 2, what is 101 + 1011011?
1100000
In base 16, what is 6 + 11b?
121
In base 4, what is 2 - -13121?
13123
In base 10, what is 313 - -8?
321
In base 7, what is 326600 + -4?
326563
In base 5, what is -11 + -20?
-31
In base 14, what is 1b + -c?
d
In base 9, what is 0 + -158?
-158
In base 14, what is 5b - 42?
19
In base 4, what is 11 - -3?
20
In base 3, what is 202 + 0?
202
In base 7, what is 100 - -6?
106
In base 16, what is -1 + -1c?
-1d
In base 9, what is 424 + -2?
422
In base 10, what is -139 + 3?
-136
In base 13, what is -15 - 256?
-26b
In base 13, what is 0 + -a95?
-a95
In base 5, what is 2 - -112?
114
In base 14, what is 47 - 30?
17
In base 11, what is 1a - -10?
2a
In base 10, what is 59 + 56?
115
In base 11, what is -1040 + 2?
-1039
In base 16, what is -2 - 11b1?
-11b3
In base 13, what is -320 - -3?
-31a
In base 5, what is -23 + 10442?
10414
In base 2, what is 10111011 + 0?
10111011
In base 10, what is 0 - -4?
4
In base 12, what is -329 + -7?
-334
In base 8, what is -2 + 1240?
1236
In base 15, what is a - 68?
-5d
In base 9, what is 5 + -420?
-414
In base 15, what is 4 + 19b1?
19b5
In base 13, what is 7 - 21?
-17
In base 14, what is 73 + -10b?
-78
In base 15, what is -1391 + -2?
-1393
In base 13, what is 4 + -119?
-115
In base 7, what is 1016 - 0?
1016
In base 5, what is 1 - -101230?
101231
In base 15, what is 1 - 1cd?
-1cc
In base 8, what is 3 + -430?
-425
In base 13, what is 5 - 10?
-8
In base 6, what is 2 + 2120?
2122
In base 16, what is 2b2 + -1?
2b1
In base 7, what is 453 + 11?
464
In base 10, what is 13701 + 1?
13702
In base 16, what is a6 + 4?
aa
In base 2, what is 111 + -10000?
-1001
In base 14, what is -5 + -d14?
-d19
In base 16, what is 9d + 3?
a0
In base 10, what is -24728 - -1?
-24727
In base 11, what is -4 + -3a?
-43
In base 9, what is -14746 - -2?
-14744
In base 14, what is 0 - -b?
b
In base 16, what is -1b2 + 3?
-1af
In base 3, what is 12 - 22201?
-22112
In base 16, what is 2a9 + 7?
2b0
In base 4, what is -2 + -30330?
-30332
In base 8, what is -4 + 100?
74
In base 4, what is 1 + 2113?
2120
In base 8, what is 4 - 556?
-552
In base 3, what is 120011 - -10?
120021
In base 13, what is -926 + 1?
-925
In base 10, what is 17 - -37?
54
In base 2, what is 10011111000 - -100?
10011111100
In base 2, what is 0 - 1001010?
-1001010
In base 8, what is 53 + -42?
11
In base 9, what is -1324 - -14?
-1310
In base 7, what is 20 + -432?
-412
In base 9, what is 5 - -33?
38
In base 5, what is 11004 + -3?
11001
In base 13, what is 0 + 4a9?
4a9
In base 8, what is -5376 - 3?
-5401
In base 4, what is -10032 - 2?
-10100
In base 14, what is 2 + c9?
cb
In base 15, what is 816 - -e?
825
In base 13, what is -2902 - -1?
-2901
In base 3, what is -121002222 + -1?
-121010000
In base 12, what is -46 + -a?
-54
In base 15, what is 0 + a41?
a41
In base 3, what is -21201 + -2?
-21210
In base 10, what is 95 - 68?
27
In base 3, what is -21 - 201?
-222
In base 11, what is 22 + -26?
-4
In base 2, what is -111101 + 11?
-111010
In base 16, what is -3 - -4dd?
4da
In base 15, what is -5 + -75?
-7a
In base 12, what is 0 - -bb?
bb
In base 4, what is -3 - 211?
-220
In base 15, what is -43 + 8?
-3a
In base 14, what is 33 + -58?
-25
In base 8, what is -3 - 143?
-146
In base 14, what is -c + -526?
-534
In base 16, what is -7 + -42?
-49
In base 13, what is -37 + -26?
-60
In base 14, what is a - -24?
30
In base 9, what is -5 - 16?
-22
In base 14, what is -9d5 - 5?
-9da
In base 10, what is -461 + 1?
-460
In base 10, what is 171 - 1?
170
In base 14, what is 41c + -5?
417
In base 4, what is 20202 + -10?
20132
In base 12, what is 284 - 3?
281
In base 14, what is -166 - 4?
-16a
In base 16, what is 5 - 13?
-e
In base 8, what is -6517 + -5?
-6524
In base 3, what is -11 - 20001?
-20012
In base 11, what is -20 - 3?
-23
In base 7, what is -24 - 31?
-55
In base 11, what is -2 + 3339?
3337
In base 8, what is 1 + -6?
-5
In base 11, what is 3 + 202?
205
In base 7, what is 10 + -4?
3
In base 9, what is -4 + 264?
260
In base 14, what is 9 + 39?
44
In base 5, what is 41 + -3?
33
In base 12, what is 3 + -54?
-51
In base 13, what is -1591 + 3?
-158b
In base 12, what is 2a + 19?
47
In base 11, what is 409 + 6?
414
In base 2, what is -10100000000 + 11?
-10011111101
In base 16, what is 119 + -4?
115
In base 13, what is 17 + 10?
27
In base 6, what is 410 - -10?
420
In base 13, what is -107b + -a?
-1088
In base 16, what is -5 - 11d?
-122
In base 13, what is 50 + b?
5b
In base 3, what is -1 - -110?
102
In base 16, what is 3 + -233?
-230
In base 15, what is -5 - -5?
0
In base 4, what is -122 + -11201?
-11323
In base 12, what is 2 - a?
-8
In base 16, what is -4 + -1de?
-1e2
In base 4, what is -11 + 223?
212
In base 15, what is 32a + -3?
327
In base 11, what is -30 + 22?
-9
In base 7, what is 4 + 161?
165
In base 7, what is -14 + -22?
-36
In base 16, what is d1 + 6?
d7
In base 10, what is 6 - 1071?
-1065
In base 3, what is -100200121 + 12?
-100200102
In base 11, what is -11 + 835?
824
In base 12, what is -5 + -13?
-18
In base 13, what is 3485 - -4?
3489
In base 8, what is 2 + 120?
122
In base 8, what is -2673 + 1?
-2672
In base 2, what is -101101011 + 11000?
-101010011
In base 6, what is -3 - -15224?
15221
In base 16, what is 267 + 0?
267
In base 6, what is 55 + -14?
41
In base 6, what is 5 - 15414?
-15405
In base 4, what is -303 - 211?
-1120
In base 15, what is -474 - -2?
-472
In base 12, what is 157b + -1?
157a
In base 5, what is -1211 - -14?
-1142
In base 4, what is 13210 - -13?
13223
In base 15, what is 5 - a?
-5
In base 4, what is 1101 - 1?
1100
In base 9, what is -172 - 1?
-173
In base 7, what is 1626 - -3?
1632
In base 13, what is 1532 - 2?
1530
In base 9, what is -2 - -103?
101
In base 5, what is 0 - -221?
221
In base 12, what is -131 + 0?
-131
In base 5, what is -2 + -210?
-212
In base 9, what is 1 + -66?
-65
In base 13, what is -5 + -1a?
-22
In base 3, what is 122012112 + 0?
122012112
In base 15, what is a4 + 8?
ac
In base 6, what is 25 - 3?
22
In base 5, what is -11 - 1313?
-1324
In base 8, what is 344 + 10?
354
In base 12, what is -179 - 15?
-192
In base 5, what is 30232 - 2?
30230
In base 4, what is 0